when 52 is divided by d.
24
Let i(y) be the first derivative of 3*y**2/2 - 11*y + 4. Let b be i(-9). Let k = 68 + b. What is the remainder when k is divided by 16?
14
Suppose 3*c + c + 496 = 0. Let o = -94 - c. Calculate the remainder when 119 is divided by o.
29
Let r(v) = -v**2 + 7*v + 6. Let k be r(7). Calculate the remainder when 4/2 + 0 + 4 is divided by (3/(-2))/((-3)/k).
0
Suppose -5*a - 69 = -9. Let y be (-39)/a + (-4)/16. Suppose 0 = c + y*c - 48. Calculate the remainder when c is divided by 7.
5
Let z(b) = 20*b**3 - 4*b**2 + 12*b - 20. Calculate the remainder when z(2) is divided by 88.
60
Let y = -87 + 97. Calculate the remainder when 439 is divided by y.
9
Let k(v) = -3*v - 2. Let s be k(-1). What is the remainder when 38 is divided by 15 - (s + (3 - 3))?
10
Suppose 0*x - x - 53 = -5*o, -5*o + 245 = -5*x. Calculate the remainder when 140 is divided by (-52)/(-6)*x/(-32).
10
Let q = 40 - 10. Let k = -16 + q. Suppose 5*b - 99 + k = 0. What is the remainder when 33 is divided by b?
16
Let k = -106 + 207. What is the remainder when k is divided by 13?
10
Let h = 592 - 394. What is the remainder when h is divided by 65?
3
Suppose -7*t + 395 + 53 = 0. What is the remainder when t is divided by 58?
6
Suppose 251 = 5*d + 3*c, -2*d + 30*c + 100 = 31*c. Calculate the remainder when d is divided by 17.
15
Suppose 4*n - 100 = -n. Let s(z) = -z**3 + 12*z**2 + 3*z - 19. Let b be s(12). Let r = n - b. Calculate the remainder when 6 is divided by r.
0
What is the remainder when 115 is divided by ((-214)/(-8))/((-4)/(-16))?
8
Let h = -74 - -79. Suppose -h*l + 39 + 41 = 0. What is the remainder when l is divided by 6?
4
Let w(t) = -2*t**2 - t - 8. Let f be w(7). Let d = -38 - f. What is the remainder when d is divided by 19?
18
What is the remainder when 51 is divided by 6 + -4 + (-4 - -12)?
1
Suppose -3*w + 9 = 2*u, u + 2*u - 3*w = 36. What is the remainder when 93 is divided by 173/9 - (8/u)/4?
17
Let y(q) = -4*q + 8*q - 5 + 4*q. Calculate the remainder when 32 is divided by y(3).
13
Let p be (-10)/4*(-12)/5. Suppose -65 = d - p*d. Calculate the remainder when 38 is divided by d.
12
Suppose 20*t = -12*t + 11040. Calculate the remainder when t is divided by 85.
5
Suppose 2*b - 71 = 3*x, b - 7 = 5*x + 18. What is the remainder when 115 is divided by b?
35
Let f(c) = 4*c - 1. Let q be f(2). Suppose -q = -2*z - 3. Suppose 3*y - 81 = -z*k, -70 = -2*y - 0*k + 4*k. What is the remainder when y is divided by 8?
5
Let f(u) = -u + 5. Let d be f(5). Suppose d = 5*p - 5*b + 4*b - 279, -4 = b. What is the remainder when p is divided by 19?
17
Suppose 2*g - 32 - 34 = 0. Suppose -3*a + 7*a + 2*t = 396, 100 = a + t. What is the remainder when a is divided by g?
32
Let n(q) = -q**2 + 6*q - 3. Let m be n(5). Suppose m*a - 108 = -2*a. Suppose -87*l - 496 + 1366 = 0. Calculate the remainder when a is divided by l.
7
Suppose 440 = 18*w - 7*w. Let h be -17*(-7 + -1 + 3). Suppose -m = -3*u - 2*m + 39, -5*u + h = -5*m. Calculate the remainder when w is divided by u.
12
Let z(k) = 18*k**2 + 3*k + 1. Let q be -6 + ((-40)/2)/(-5). What is the remainder when z(q) is divided by 35?
32
Suppose 11*v + 66 = 17*v. Let b(q) = -q**3 + 11*q**2 + 2*q + 17. What is the remainder when b(v) is divided by 22?
17
Let b(r) = -r - 18. Let o be b(-18). Suppose -4*g + 49 = 3*p - 178, o = -g + 2*p + 65. Calculate the remainder when g is divided by 21.
17
Let w(q) = -q**2 - 5*q + 2. Let z be w(-4). What is the remainder when 4/z*(4 - 2*-7) is divided by 5?
2
Suppose 0 = -b - b - 24. Calculate the remainder when (-8)/b - 146/(-6) is divided by 9.
7
Suppose -2*u + 5*f + 17 = -28, f = -3*u + 42. Let p = 5 + 1. Let r = p - 1. Calculate the remainder when u is divided by r.
0
Let g(o) = o**3 - 23*o**2 + 24*o - 20. Calculate the remainder when 140 is divided by g(22).
20
Let o = -19 + 28. Let n be 0/2 - (-5 - -2). Suppose i = -1, 4*i + 104 = n*b + 2*i. What is the remainder when b is divided by o?
7
Let u(v) = -v**2 + 9*v - 2. Let n = 22 + -26. Let z be u(n). Calculate the remainder when 12/z + (-1572)/(-27) is divided by 30.
28
Let b = -1096 - -1280. What is the remainder when b is divided by 15?
4
Let b = -310 + 316. Calculate the remainder when b is divided by 1.
0
Let s = 26 - 20. Calculate the remainder when (108/(-8))/(3 + (-63)/14) is divided by s.
3
Let p = 92 - 40. Let x = 99 - p. Suppose g = -2 + x. What is the remainder when g is divided by 16?
13
Let g be 85/15 - 4/6. Suppose g*w = -w + 54. What is the remainder when 26 is divided by w?
8
Let z(u) = 30*u**2 + u. Suppose -4*f - 1 = -5. Let l = 4 - -7. What is the remainder when z(f) is divided by l?
9
Suppose -104*g - 116 = -106*g. Calculate the remainder when 218 is divided by g.
44
Suppose -2*r = 2*r + 5*z - 22, 0 = 4*r - 4*z - 40. Suppose 2*v - 2*b = 14, -2*v = -b - r - 2. Calculate the remainder when 6 is divided by v.
0
Let d = 27 - -63. What is the remainder when d is divided by 23?
21
Suppose -1305 = -106*j + 91*j. What is the remainder when 1390 is divided by j?
85
Let d = 230 - 215. What is the remainder when 59 is divided by d?
14
Suppose -k = -4*k + 3, 0 = -4*t + 5*k + 115. What is the remainder when 56 is divided by t?
26
Calculate the remainder when 203 is divided by 17*(-7 - -5)*-2.
67
Let b(z) = -z - 1. Let a be b(-4). Suppose 2*k = -2*k + 4*c + 224, -5*c = a*k - 208. Suppose 214 = 7*t + 67. What is the remainder when k is divided by t?
19
Let y(s) = -s**2 - s + 29. Suppose -4*d + 41 = -d - 5*v, 5*d + 4*v - 130 = 0. Calculate the remainder when y(0) is divided by d/(((-32)/(-4))/4).
7
Let r(q) = -q**3 - 6*q**2 + 5*q + 5. Let d = -617 + 633. Calculate the remainder when r(-8) is divided by d.
13
Let c = -55 + 103. Suppose 93 - 341 = -4*m. Suppose -3*v - c = -3*z, -5*z = v - m - 12. Calculate the remainder when 59 is divided by z.
14
Suppose 2*t - 105 = 29. What is the remainder when (4 + -2)/(2/t) is divided by 14?
11
Let j = 508 - 231. What is the remainder when j is divided by 31?
29
Let f = 67 + -61. Let n(j) be the second derivative of -2*j**3/3 - 3*j**2 - 2*j. What is the remainder when n(-4) is divided by f?
4
Suppose -4*s = 40 - 8. Let j = 40 + s. Calculate the remainder when 63 is divided by j.
31
Let y(o) = o**2 - 28*o - 123. Calculate the remainder when y(36) is divided by 56.
53
Let c be ((6 + -4)/(-2))/(-1) - -60. Let h = -7 + c. Calculate the remainder when h is divided by 29.
25
Let f = -114 - -193. Suppose 0 = -3*k - l - 2*l + 51, 5*k - l - f = 0. Suppose 3*p - 620 = -7*p. Calculate the remainder when p is divided by k.
14
Suppose 3*f - 2*x + 6*x - 105 = 0, -x = -2*f + 70. Suppose -77 - f = -4*o - 5*a, -3*a = -2*o + 34. What is the remainder when o is divided by 13?
10
Let m = -199 - -67. Let x(t) = t**3 - 6*t**2 + 5*t - 12. Calculate the remainder when x(6) is divided by 2/5 + m/(-20).
4
Suppose -30 = -5*m + 5*y, y = -6*m + 10*m - 15. Suppose m*n = 106 + 23. Calculate the remainder when n is divided by 3.
1
Suppose 13 + 15 = 7*f. What is the remainder when f is divided by 20/11 + (-12)/(-66)?
0
Let p(z) = -z - 15. Let h be p(0). Let i = 36 + -31. Calculate the remainder when (-2)/3 - 130/h is divided by i.
3
Suppose -73 = -3*n + 5*q, -6 = n + 4*q - 2. What is the remainder when (3416/(-112))/((-1)/2) is divided by n?
13
Let r be (-24)/(-14) + 36/126. Suppose 0 = r*c - 133 + 115. Calculate the remainder when 22 is divided by c.
4
Let c(v) = v**3 - 35*v**2 + 38*v + 113. Calculate the remainder when c(34) is divided by 18.
15
Suppose 0 = -53*d - 132 + 450. Calculate the remainder when 413 is divided by d.
5
Suppose -4*u + 82 = -138. Let z = u + 7. Calculate the remainder when z is divided by 13.
10
Let k(i) = -i**2 - 40*i + 506. What is the remainder when (-57)/(-6) - 2/4 is divided by k(10)?
3
Let z(h) = h**2 + 10*h - 63. Let f(r) = -16*r + 2. Calculate the remainder when z(11) is divided by f(-2).
32
Let p = -1129 + 1166. What is the remainder when 101 is divided by p?
27
Let a = 36 + -32. Suppose 5*q - a*d - d = 285, 0 = q + 4*d - 52. Let u = 17 + 2. Calculate the remainder when q is divided by u.
18
Let o = 261 + -208. What is the remainder when o is divided by -1 + (20 - (-2 - -2))?
15
Suppose 3*z - 5*i = -9, 6*z - 4*i + 6 = 3*z. Suppose 0*t - t + 47 = 4*h, 4*h - z*t - 62 = 0. Calculate the remainder wh